 2485?
8
What is the ten thousands digit of 48067?
4
What is the hundreds digit of 11578?
5
What is the tens digit of 6081?
8
What is the units digit of 9848?
8
What is the units digit of 18729?
9
What is the hundreds digit of 1892?
8
What is the units digit of 1528?
8
What is the ten thousands digit of 25500?
2
What is the tens digit of 1030?
3
What is the hundreds digit of 961?
9
What is the tens digit of 2703?
0
What is the thousands digit of 5476?
5
What is the units digit of 6319?
9
What is the hundreds digit of 24086?
0
What is the units digit of 22466?
6
What is the tens digit of 264?
6
What is the hundreds digit of 547?
5
What is the units digit of 2042?
2
What is the units digit of 944?
4
What is the units digit of 7044?
4
What is the hundreds digit of 961?
9
What is the units digit of 8371?
1
What is the units digit of 253?
3
What is the thousands digit of 176300?
6
What is the units digit of 852?
2
What is the tens digit of 2530?
3
What is the thousands digit of 11381?
1
What is the thousands digit of 2247?
2
What is the thousands digit of 2833?
2
What is the tens digit of 1170?
7
What is the tens digit of 9739?
3
What is the hundreds digit of 20963?
9
What is the thousands digit of 18610?
8
What is the tens digit of 5972?
7
What is the hundreds digit of 7833?
8
What is the hundreds digit of 8950?
9
What is the thousands digit of 5270?
5
What is the units digit of 60029?
9
What is the tens digit of 1592?
9
What is the tens digit of 80?
8
What is the units digit of 6941?
1
What is the ten thousands digit of 27628?
2
What is the ten thousands digit of 66247?
6
What is the ten thousands digit of 52021?
5
What is the tens digit of 28801?
0
What is the hundreds digit of 65990?
9
What is the hundreds digit of 3345?
3
What is the thousands digit of 7888?
7
What is the tens digit of 11849?
4
What is the units digit of 33979?
9
What is the units digit of 39961?
1
What is the hundreds digit of 275?
2
What is the units digit of 1911?
1
What is the units digit of 688?
8
What is the units digit of 98516?
6
What is the units digit of 1109?
9
What is the hundreds digit of 4300?
3
What is the units digit of 105?
5
What is the thousands digit of 2970?
2
What is the units digit of 14023?
3
What is the units digit of 1314?
4
What is the tens digit of 6097?
9
What is the hundred thousands digit of 111517?
1
What is the thousands digit of 26101?
6
What is the thousands digit of 2270?
2
What is the tens digit of 46?
4
What is the tens digit of 784?
8
What is the units digit of 180?
0
What is the thousands digit of 12362?
2
What is the hundreds digit of 40118?
1
What is the thousands digit of 16944?
6
What is the thousands digit of 9121?
9
What is the tens digit of 1587?
8
What is the ten thousands digit of 25604?
2
What is the tens digit of 114?
1
What is the hundreds digit of 709?
7
What is the hundreds digit of 2540?
5
What is the hundreds digit of 7378?
3
What is the tens digit of 671?
7
What is the tens digit of 1515?
1
What is the hundreds digit of 9634?
6
What is the tens digit of 4037?
3
What is the hundreds digit of 1786?
7
What is the thousands digit of 4231?
4
What is the hundred thousands digit of 101073?
1
What is the thousands digit of 1304?
1
What is the thousands digit of 23339?
3
What is the tens digit of 34632?
3
What is the units digit of 332?
2
What is the tens digit of 1186?
8
What is the tens digit of 1322?
2
What is the thousands digit of 46344?
6
What is the hundreds digit of 2680?
6
What is the units digit of 2026?
6
What is the tens digit of 77296?
9
What is the ten thousands digit of 72934?
7
What is the hundreds digit of 532?
5
What is the thousands digit of 3059?
3
What is the thousands digit of 34151?
4
What is the hundreds digit of 101791?
7
What is the hundreds digit of 1057?
0
What is the tens digit of 1644?
4
What is the tens digit of 897?
9
What is the hundreds digit of 167246?
2
What is the hundreds digit of 951?
9
What is the units digit of 3113?
3
What is the units digit of 93288?
8
What is the tens digit of 2787?
8
What is the tens digit of 24107?
0
What is the tens digit of 85?
8
What is the units digit of 155?
5
What is the thousands digit of 5421?
5
What is the hundreds digit of 902?
9
What is the hundreds digit of 1276?
2
What is the ten thousands digit of 17966?
1
What is the ten thousands digit of 35891?
3
What is the ten thousands digit of 32333?
3
What is the units digit of 1367?
7
What is the tens digit of 943?
4
What is the units digit of 3323?
3
What is the ten thousands digit of 73659?
7
What is the ten thousands digit of 62306?
6
What is the units digit of 2704?
4
What is the thousands digit of 8046?
8
What is the hundreds digit of 9291?
2
What is the units digit of 41028?
8
What is the tens digit of 16923?
2
What is the thousands digit of 2609?
2
What is the units digit of 69971?
1
What is the hundreds digit of 33646?
6
What is the hundreds digit of 150578?
5
What is the ten thousands digit of 23783?
2
What is the tens digit of 8883?
8
What is the tens digit of 384?
8
What is the thousands digit of 96101?
6
What is the units digit of 2031?
1
What is the hundreds digit of 101?
1
What is the thousands digit of 1073?
1
What is the tens digit of 809?
0
What is the units digit of 1154?
4
What is the units digit of 13526?
6
What is the units digit of 10998?
8
What is the hundreds digit of 373?
3
What is the hundreds digit of 649?
6
What is the thousands digit of 6386?
6
What is the thousands digit of 1712?
1
What is the units digit of 2203?
3
What is the ten thousands digit of 67744?
6
What is the thousands digit of 45068?
5
What is the ten thousands digit of 42784?
4
What is the units digit of 2698?
8
What is the hundreds digit of 651?
6
What is the tens digit of 1056?
5
What is the ten thousands digit of 10669?
1
What is the units digit of 6087?
7
What is the thousands digit of 2577?
2
What is the units digit of 5586?
6
What is the units digit of 407?
7
What is the tens digit of 6664?
6
What is the thousands digit of 16190?
6
What is the units digit of 720?
0
What is the tens digit of 3616?
1
What is the tens digit of 49393?
9
What is the hundreds digit of 785?
7
What is the units digit of 9912?
2
What is the tens digit of 6921?
2
What is the units digit of 328?
8
What is the units digit of 7722?
2
What is the units digit of 14393?
3
What is the tens digit of 98857?
5
What is the hundreds digit of 6931?
9
What is the tens digit of 11882?
8
What is the units digit of 204?
4
What is the units digit of 694?
4
What is the units digit of 602?
2
What is the hundreds digit of 1551?
5
What is the tens digit of 3769?
6
What is the thousands digit of 1976?
1
What is the tens digit of 7564?
6
What is the thousands digit of 2378?
2
What is the tens digit of 15680?
8
What is the tens digit of 465?
6
What is the units digit of 587?
7
What is the thousands digit of 3098?
3
What is the units digit of 3654?
4
What is the hundreds digit of 870?
8
What is the hundreds digit of 2853?
8
What is the tens digit of 18786?
8
What is the units digit of 23730?
0
What is the hundreds digit of 9704?
7
What is the thousands digit of 6172?
6
What is the ten thousands digit of 60283?
6
What is the thousands digit of 9621?
9
What is the tens digit of 66?
6
What is the tens digit of 6922?
2
What is the hundred thousands digit of 184448?
1
What is the tens digit of 576?
7
What is the tens digit of 23273?
7
What is the hundreds digit of 22766?
7
What is the units digit of 27?
7
What is the ten thousands digit of 17605?
1
What is the units digit of 1008?
8
What is the ten thousands digit of 121739?
2
What is the hundreds digit of 4233?
2
What is the hundreds digit of 433?
4
What is the tens digit of 530?
3
What is the ten thousands digit of 171810?
7
What is the units digit of 874?
4
What is the hundreds digit of 148?
1
What is the tens digit of 4256?
5
What is the tens digit of 74573?
7
What is the hundreds digit of 43786?
7
What is the thousands digit of 1058?
1
What is the thousands digit of 30208?
0
What is the hundreds digit of 989?
9
What is the units digit of 209?
9
What is the hundreds digit of 22790?
7
What is the thousands digit of 1433?
1
What is the units digit of 886?
6
What is the units digit of 21414?
4
What is the tens dig